{"id":1940,"date":"2023-03-07T12:28:42","date_gmt":"2023-03-07T10:28:42","guid":{"rendered":"https:\/\/192.168.0.156\/inx-de\/?page_id=1940"},"modified":"2023-07-26T12:17:46","modified_gmt":"2023-07-26T09:17:46","slug":"schnittholzsortierung","status":"publish","type":"page","link":"https:\/\/inx.fi\/inx-de\/schnittholzsortierung\/","title":{"rendered":"Schnittholzsortierung"},"content":{"rendered":"\n<div style=\"height:100px\" aria-hidden=\"true\" class=\"wp-block-spacer\"><\/div>\n\n\n\n<div class=\"wp-block-uagb-container uagb-block-4a8118b1 alignfull uagb-is-root-container\"><div class=\"uagb-container-inner-blocks-wrap\">\n<div class=\"wp-block-uagb-container uagb-block-cb4e52f9\">\n<div class=\"wp-block-uagb-container uagb-block-71749d83\"><\/div>\n\n\n\n<div class=\"wp-block-uagb-container uagb-block-028a4184\">\n<div class=\"wp-block-uagb-columns uagb-columns__wrap uagb-columns__background-none uagb-columns__stack-none uagb-columns__valign-center uagb-columns__gap-0 align uagb-block-c44ee6d8 uagb-columns__columns-4 uagb-columns__max_width-custom\"><div class=\"uagb-columns__overlay\"><\/div><div class=\"uagb-columns__inner-wrap uagb-columns__columns-4\">\n<div class=\"wp-block-uagb-column uagb-column__wrap uagb-column__background-image uagb-block-2158f87d\"><div class=\"uagb-column__overlay\"><\/div>\n<div class=\"wp-block-uagb-buttons uagb-buttons__outer-wrap uagb-btn__medium-btn uagb-btn-tablet__default-btn uagb-btn-mobile__default-btn uagb-block-e8d092a4\"><div class=\"uagb-buttons__wrap uagb-buttons-layout-wrap\">\n<div class=\"wp-block-uagb-buttons-child uagb-buttons__outer-wrap uagb-block-d1c20177 wp-block-button\"><div class=\"uagb-button__wrapper\"><a class=\"uagb-buttons-repeater wp-block-button__link\" href=\"\/sahatavaran-lajittelu\/\" onclick=\"return true;\" rel=\"follow noopener\" target=\"_self\"><\/a><\/div><\/div>\n<\/div><\/div>\n<\/div>\n\n\n\n<div class=\"wp-block-uagb-column uagb-column__wrap uagb-column__background-image uagb-block-8491f458\"><div class=\"uagb-column__overlay\"><\/div>\n<div class=\"wp-block-uagb-buttons uagb-buttons__outer-wrap uagb-btn__medium-btn uagb-btn-tablet__default-btn uagb-btn-mobile__default-btn uagb-block-233c3ed4\"><div class=\"uagb-buttons__wrap uagb-buttons-layout-wrap\">\n<div class=\"wp-block-uagb-buttons-child uagb-buttons__outer-wrap uagb-block-06a4573d wp-block-button\"><div class=\"uagb-button__wrapper\"><a class=\"uagb-buttons-repeater wp-block-button__link\" href=\"\/inx-en\/lumber-sorting\/\" onclick=\"return true;\" rel=\"follow noopener\" target=\"_self\"><\/a><\/div><\/div>\n<\/div><\/div>\n<\/div>\n\n\n\n<div class=\"wp-block-uagb-column uagb-column__wrap uagb-column__background-image uagb-block-a3dcebb8\"><div class=\"uagb-column__overlay\"><\/div>\n<div class=\"wp-block-uagb-buttons uagb-buttons__outer-wrap uagb-btn__medium-btn uagb-btn-tablet__default-btn uagb-btn-mobile__default-btn uagb-block-a32b1ca0\"><div class=\"uagb-buttons__wrap uagb-buttons-layout-wrap\">\n<div class=\"wp-block-uagb-buttons-child uagb-buttons__outer-wrap uagb-block-014f0574 wp-block-button\"><div class=\"uagb-button__wrapper\"><a class=\"uagb-buttons-repeater wp-block-button__link\" href=\"\/inx-se\/virkessorteringen\/\" onclick=\"return true;\" rel=\"follow noopener\" target=\"_self\"><\/a><\/div><\/div>\n<\/div><\/div>\n<\/div>\n\n\n\n<div class=\"wp-block-uagb-column uagb-column__wrap uagb-column__background-image uagb-block-085aec12\"><div class=\"uagb-column__overlay\"><\/div>\n<div class=\"wp-block-uagb-buttons uagb-buttons__outer-wrap uagb-btn__medium-btn uagb-btn-tablet__default-btn uagb-btn-mobile__default-btn uagb-block-4ae33fe9\"><div class=\"uagb-buttons__wrap uagb-buttons-layout-wrap\">\n<div class=\"wp-block-uagb-buttons-child uagb-buttons__outer-wrap uagb-block-8d42a86f wp-block-button\"><div class=\"uagb-button__wrapper\"><a class=\"uagb-buttons-repeater wp-block-button__link\" href=\"\/inx-de\/schnittholzsortierung\/\" onclick=\"return true;\" rel=\"follow noopener\" target=\"_self\"><\/a><\/div><\/div>\n<\/div><\/div>\n<\/div>\n<\/div><\/div>\n<\/div>\n<\/div>\n\n\n\n<div style=\"height:82px\" aria-hidden=\"true\" class=\"wp-block-spacer\"><\/div>\n\n\n\n<div class=\"wp-block-uagb-advanced-heading uagb-block-54b7b459\"><h2 class=\"uagb-heading-text\">Schnittholzsortierung<\/h2><p class=\"uagb-desc-text\">Automation f\u00fcr Schnittholzsortierung und Trimmanlage<\/p><\/div>\n\n\n\n<div style=\"height:101px\" aria-hidden=\"true\" class=\"wp-block-spacer\"><\/div>\n<\/div><\/div>\n\n\n\n<div class=\"wp-block-uagb-container uagb-block-c0662081 alignfull uagb-is-root-container\"><div class=\"uagb-container-inner-blocks-wrap\">\n<div class=\"wp-block-uagb-container uagb-block-804eb1ef\">\n<div class=\"wp-block-uagb-container uagb-block-aaefe31d\">\n<div class=\"wp-block-uagb-advanced-heading uagb-block-7584530a\"><h2 class=\"uagb-heading-text\">Automation f\u00fcr Schnittholzsortierung und Trimmanlage<\/h2><\/div>\n\n\n\n<p>Die Schnittholzsortierung umfa\u03b2t Sortierung je nach Dimensionen und\/oder Qualit\u00e4ten, Kapp- und Trimmvorg\u00e4nge und Kombianlagen.<\/p>\n<\/div>\n\n\n\n<div class=\"wp-block-uagb-container uagb-block-594c79ff\">\n<div style=\"height:30px\" aria-hidden=\"true\" class=\"wp-block-spacer\"><\/div>\n\n\n\n<figure class=\"wp-block-image size-large\"><img decoding=\"async\" src=\"https:\/\/inx.fi\/inx-de\/wp-content\/uploads\/sites\/5\/2023\/07\/sizcon.jpeg\" alt=\"\"\/><\/figure>\n<\/div>\n<\/div>\n<\/div><\/div>\n\n\n\n<div class=\"wp-block-uagb-container uagb-block-66539df7 alignfull uagb-is-root-container\"><div class=\"uagb-container-inner-blocks-wrap\">\n<div class=\"wp-block-uagb-container uagb-block-77d6f8b5\">\n<div class=\"wp-block-uagb-container uagb-block-dce2040f\">\n<p>Aufgrund der Brettdimensionen und G\u00fcteklassifizierung wird die Sortierung gesteuert und die Boxen werden optimal ausgenutzt. Zus\u00e4tzlich erstellt die Software-L\u00f6sung umfangreiche Produktionsberichte, druckt individualisierte Paketscheine aus und \u00fcberleitet die Produktionsdaten an die anderen EDV-Systeme des S\u00e4gewerks.<\/p>\n\n\n\n<p>In der Schnittholzsortierung sowie im ganzen S\u00e4gewerk kann die Steuerung- und \u00dcberwachung der Maschinen und F\u00f6rdersysteme mit Hilfe vom SoftPLC Logiksteuerungssystem anstatt des herk\u00f6mmlichen Logikkontrollsystems implementiert werden. Dann werden die Mess- und Optimisierungssysteme sehr leicht mit dem Gesamtsteuerungssystem des S\u00e4gewerks integriert.<\/p>\n\n\n\n<p>Die Mess- und Steuerungssysteml\u00f6sungen von Inx-Service k\u00f6nnen auch mit dem im S\u00e4gewerk installierten Logikkontrollsystem (z.B. Siemens, Omron oder Mitsubishi) via Ethernet mit TCP\/IP-Protocol integriert werden. Dann sorgt das neue System f\u00fcr alle Messungen, Kalkulation und die optimale Boxenausnutzung, indem das installierte Logikkontrollsystem F\u00f6rder- und Transportsysteme und die anderen dazu geh\u00f6renden Einrichtungen steuert und \u00fcberwacht.<\/p>\n<\/div>\n<\/div>\n\n\n\n<div class=\"wp-block-uagb-container uagb-block-42f97ce2\">\n<div class=\"wp-block-uagb-advanced-heading uagb-block-214b9fca\"><h2 class=\"uagb-heading-text\">Produktl\u00f6sungen f\u00fcr Schnittholzsortierung<\/h2><\/div>\n\n\n\n<div class=\"wp-block-uagb-buttons uagb-buttons__outer-wrap uagb-btn__small-btn uagb-btn-tablet__default-btn uagb-btn-mobile__default-btn uagb-block-6dda85c3\"><div class=\"uagb-buttons__wrap uagb-buttons-layout-wrap\">\n<div class=\"wp-block-uagb-buttons-child uagb-buttons__outer-wrap uagb-block-4b1ae034 wp-block-button is-style-outline\"><div class=\"uagb-button__wrapper\"><a class=\"uagb-buttons-repeater wp-block-button__link\" href=\"\/inx-de\/sizcon\/\" onclick=\"return true;\" rel=\"follow noopener\" target=\"_self\"><div class=\"uagb-button__link\">SizCon Dicken- und Breitenmesser<\/div><\/a><\/div><\/div>\n\n\n\n<div class=\"wp-block-uagb-buttons-child uagb-buttons__outer-wrap uagb-block-209a67bb wp-block-button is-style-outline\"><div class=\"uagb-button__wrapper\"><a class=\"uagb-buttons-repeater wp-block-button__link\" href=\"\/inx-de\/softplc-sorting\/\" onclick=\"return true;\" rel=\"follow noopener\" target=\"_self\"><div class=\"uagb-button__link\">SoftPLC Steuerungslogik<\/div><\/a><\/div><\/div>\n<\/div><\/div>\n<\/div>\n<\/div><\/div>\n\n\n\n<div style=\"height:30px\" aria-hidden=\"true\" class=\"wp-block-spacer\"><\/div>\n","protected":false},"excerpt":{"rendered":"<p>Schnittholzsortierung Automation f\u00fcr Schnittholzsortierung und Trimmanlage Automation f\u00fcr Schnittholzsortierung und Trimmanlage Die Schnittholzsortierung umfa\u03b2t Sortierung je nach Dimensionen und\/oder Qualit\u00e4ten, Kapp- und Trimmvorg\u00e4nge und Kombianlagen. Aufgrund der Brettdimensionen und G\u00fcteklassifizierung wird die Sortierung gesteuert und die Boxen werden optimal ausgenutzt. Zus\u00e4tzlich erstellt die Software-L\u00f6sung umfangreiche Produktionsberichte, druckt individualisierte Paketscheine aus und \u00fcberleitet die Produktionsdaten an [&hellip;]<\/p>\n","protected":false},"author":1,"featured_media":0,"parent":0,"menu_order":0,"comment_status":"closed","ping_status":"closed","template":"","meta":{"_uag_custom_page_level_css":"","site-sidebar-layout":"default","site-content-layout":"","ast-site-content-layout":"default","site-content-style":"default","site-sidebar-style":"default","ast-global-header-display":"","ast-banner-title-visibility":"","ast-main-header-display":"","ast-hfb-above-header-display":"","ast-hfb-below-header-display":"","ast-hfb-mobile-header-display":"","site-post-title":"disabled","ast-breadcrumbs-content":"","ast-featured-img":"","footer-sml-layout":"","ast-disable-related-posts":"","theme-transparent-header-meta":"","adv-header-id-meta":"","stick-header-meta":"","header-above-stick-meta":"","header-main-stick-meta":"","header-below-stick-meta":"","astra-migrate-meta-layouts":"default","ast-page-background-enabled":"default","ast-page-background-meta":{"desktop":{"background-color":"var(--ast-global-color-4)","background-image":"","background-repeat":"repeat","background-position":"center center","background-size":"auto","background-attachment":"scroll","background-type":"","background-media":"","overlay-type":"","overlay-color":"","overlay-opacity":"","overlay-gradient":""},"tablet":{"background-color":"","background-image":"","background-repeat":"repeat","background-position":"center center","background-size":"auto","background-attachment":"scroll","background-type":"","background-media":"","overlay-type":"","overlay-color":"","overlay-opacity":"","overlay-gradient":""},"mobile":{"background-color":"","background-image":"","background-repeat":"repeat","background-position":"center center","background-size":"auto","background-attachment":"scroll","background-type":"","background-media":"","overlay-type":"","overlay-color":"","overlay-opacity":"","overlay-gradient":""}},"ast-content-background-meta":{"desktop":{"background-color":"var(--ast-global-color-5)","background-image":"","background-repeat":"repeat","background-position":"center center","background-size":"auto","background-attachment":"scroll","background-type":"","background-media":"","overlay-type":"","overlay-color":"","overlay-opacity":"","overlay-gradient":""},"tablet":{"background-color":"var(--ast-global-color-5)","background-image":"","background-repeat":"repeat","background-position":"center center","background-size":"auto","background-attachment":"scroll","background-type":"","background-media":"","overlay-type":"","overlay-color":"","overlay-opacity":"","overlay-gradient":""},"mobile":{"background-color":"var(--ast-global-color-5)","background-image":"","background-repeat":"repeat","background-position":"center center","background-size":"auto","background-attachment":"scroll","background-type":"","background-media":"","overlay-type":"","overlay-color":"","overlay-opacity":"","overlay-gradient":""}},"footnotes":""},"class_list":["post-1940","page","type-page","status-publish","hentry"],"uagb_featured_image_src":{"full":false,"thumbnail":false,"medium":false,"medium_large":false,"large":false,"1536x1536":false,"2048x2048":false},"uagb_author_info":{"display_name":"inxuser","author_link":"https:\/\/inx.fi\/inx-de\/blog\/author\/inxuser\/"},"uagb_comment_info":0,"uagb_excerpt":"Schnittholzsortierung Automation f\u00fcr Schnittholzsortierung und Trimmanlage Automation f\u00fcr Schnittholzsortierung und Trimmanlage Die Schnittholzsortierung umfa\u03b2t Sortierung je nach Dimensionen und\/oder Qualit\u00e4ten, Kapp- und Trimmvorg\u00e4nge und Kombianlagen. Aufgrund der Brettdimensionen und G\u00fcteklassifizierung wird die Sortierung gesteuert und die Boxen werden optimal ausgenutzt. Zus\u00e4tzlich erstellt die Software-L\u00f6sung umfangreiche Produktionsberichte, druckt individualisierte Paketscheine aus und \u00fcberleitet die Produktionsdaten an&hellip;","_links":{"self":[{"href":"https:\/\/inx.fi\/inx-de\/wp-json\/wp\/v2\/pages\/1940","targetHints":{"allow":["GET"]}}],"collection":[{"href":"https:\/\/inx.fi\/inx-de\/wp-json\/wp\/v2\/pages"}],"about":[{"href":"https:\/\/inx.fi\/inx-de\/wp-json\/wp\/v2\/types\/page"}],"author":[{"embeddable":true,"href":"https:\/\/inx.fi\/inx-de\/wp-json\/wp\/v2\/users\/1"}],"replies":[{"embeddable":true,"href":"https:\/\/inx.fi\/inx-de\/wp-json\/wp\/v2\/comments?post=1940"}],"version-history":[{"count":22,"href":"https:\/\/inx.fi\/inx-de\/wp-json\/wp\/v2\/pages\/1940\/revisions"}],"predecessor-version":[{"id":2727,"href":"https:\/\/inx.fi\/inx-de\/wp-json\/wp\/v2\/pages\/1940\/revisions\/2727"}],"wp:attachment":[{"href":"https:\/\/inx.fi\/inx-de\/wp-json\/wp\/v2\/media?parent=1940"}],"curies":[{"name":"wp","href":"https:\/\/api.w.org\/{rel}","templated":true}]}}