{"id":1322,"date":"2022-02-24T05:02:56","date_gmt":"2022-02-24T03:02:56","guid":{"rendered":"https:\/\/192.168.0.156\/inx-se\/home\/"},"modified":"2023-07-25T14:27:40","modified_gmt":"2023-07-25T11:27:40","slug":"foretag","status":"publish","type":"page","link":"https:\/\/inx.fi\/inx-se\/","title":{"rendered":"F\u00f6retag"},"content":{"rendered":"\n<div style=\"height:100px\" aria-hidden=\"true\" class=\"wp-block-spacer\"><\/div>\n\n\n\n<div class=\"wp-block-uagb-container uagb-block-30d92625 alignfull uagb-is-root-container\"><div class=\"uagb-container-inner-blocks-wrap\">\n<div class=\"wp-block-uagb-container uagb-block-572dd02d\">\n<div class=\"wp-block-uagb-container uagb-block-841b009d\"><\/div>\n\n\n\n<div class=\"wp-block-uagb-container uagb-block-ae730a94\">\n<div class=\"wp-block-uagb-columns uagb-columns__wrap uagb-columns__background-none uagb-columns__stack-none uagb-columns__valign-center uagb-columns__gap-0 align uagb-block-146ddb90 uagb-columns__columns-4 uagb-columns__max_width-custom\"><div class=\"uagb-columns__overlay\"><\/div><div class=\"uagb-columns__inner-wrap uagb-columns__columns-4\">\n<div class=\"wp-block-uagb-column uagb-column__wrap uagb-column__background-image uagb-block-65c9445e\"><div class=\"uagb-column__overlay\"><\/div>\n<div class=\"wp-block-uagb-buttons uagb-buttons__outer-wrap uagb-btn__medium-btn uagb-btn-tablet__default-btn uagb-btn-mobile__default-btn uagb-block-f1e7b7ea\"><div class=\"uagb-buttons__wrap uagb-buttons-layout-wrap\">\n<div class=\"wp-block-uagb-buttons-child uagb-buttons__outer-wrap uagb-block-76738ca2 wp-block-button\"><div class=\"uagb-button__wrapper\"><a class=\"uagb-buttons-repeater wp-block-button__link\" href=\"\/\" onclick=\"return true;\" rel=\"follow noopener\" target=\"_self\"><\/a><\/div><\/div>\n<\/div><\/div>\n<\/div>\n\n\n\n<div class=\"wp-block-uagb-column uagb-column__wrap uagb-column__background-image uagb-block-076363d3\"><div class=\"uagb-column__overlay\"><\/div>\n<div class=\"wp-block-uagb-buttons uagb-buttons__outer-wrap uagb-btn__medium-btn uagb-btn-tablet__default-btn uagb-btn-mobile__default-btn uagb-block-84d1e428\"><div class=\"uagb-buttons__wrap uagb-buttons-layout-wrap\">\n<div class=\"wp-block-uagb-buttons-child uagb-buttons__outer-wrap uagb-block-5c646127 wp-block-button\"><div class=\"uagb-button__wrapper\"><a class=\"uagb-buttons-repeater wp-block-button__link\" href=\"\/inx-en\/\" onclick=\"return true;\" rel=\"follow noopener\" target=\"_self\"><\/a><\/div><\/div>\n<\/div><\/div>\n<\/div>\n\n\n\n<div class=\"wp-block-uagb-column uagb-column__wrap uagb-column__background-image uagb-block-fe565fa7\"><div class=\"uagb-column__overlay\"><\/div>\n<div class=\"wp-block-uagb-buttons uagb-buttons__outer-wrap uagb-btn__medium-btn uagb-btn-tablet__default-btn uagb-btn-mobile__default-btn uagb-block-4f2df399\"><div class=\"uagb-buttons__wrap uagb-buttons-layout-wrap\">\n<div class=\"wp-block-uagb-buttons-child uagb-buttons__outer-wrap uagb-block-e63d74f0 wp-block-button\"><div class=\"uagb-button__wrapper\"><a class=\"uagb-buttons-repeater wp-block-button__link\" href=\"\/inx-se\/\" onclick=\"return true;\" rel=\"follow noopener\" target=\"_self\"><\/a><\/div><\/div>\n<\/div><\/div>\n<\/div>\n\n\n\n<div class=\"wp-block-uagb-column uagb-column__wrap uagb-column__background-image uagb-block-f7dbfbcd\"><div class=\"uagb-column__overlay\"><\/div>\n<div class=\"wp-block-uagb-buttons uagb-buttons__outer-wrap uagb-btn__medium-btn uagb-btn-tablet__default-btn uagb-btn-mobile__default-btn uagb-block-e0154349\"><div class=\"uagb-buttons__wrap uagb-buttons-layout-wrap\">\n<div class=\"wp-block-uagb-buttons-child uagb-buttons__outer-wrap uagb-block-6e64f8b9 wp-block-button\"><div class=\"uagb-button__wrapper\"><a class=\"uagb-buttons-repeater wp-block-button__link\" href=\"\/inx-de\/\" onclick=\"return true;\" rel=\"follow noopener\" target=\"_self\"><\/a><\/div><\/div>\n<\/div><\/div>\n<\/div>\n<\/div><\/div>\n<\/div>\n<\/div>\n\n\n\n<div style=\"height:82px\" aria-hidden=\"true\" class=\"wp-block-spacer\"><\/div>\n\n\n\n<div class=\"wp-block-uagb-advanced-heading uagb-block-6e356f70\"><h2 class=\"uagb-heading-text\">Inx-Service \u2013 sk\u00e4rpning i virkesf\u00f6r\u00e4dlingen<\/h2><\/div>\n\n\n\n<div style=\"height:101px\" aria-hidden=\"true\" class=\"wp-block-spacer\"><\/div>\n<\/div><\/div>\n\n\n\n<div class=\"wp-block-uagb-container uagb-block-55c048b1 alignfull uagb-is-root-container\"><div class=\"uagb-container-inner-blocks-wrap\">\n<div class=\"wp-block-uagb-container uagb-block-638d762a\">\n<div style=\"height:20px\" aria-hidden=\"true\" class=\"wp-block-spacer\"><\/div>\n\n\n\n<div class=\"wp-block-uagb-advanced-heading uagb-block-c595c7c8\"><h2 class=\"uagb-heading-text\">Rotst\u00e5ende tr\u00e4d har ett visst r\u00e5virkesv\u00e4rde, men efter f\u00e4llning uppst\u00e5r b\u00e5de material- och kvalitetsf\u00f6rluster.<\/h2><\/div>\n\n\n\n<p class=\"has-black-color has-text-color\" style=\"padding-top:0;padding-right:0;padding-bottom:0;padding-left:0;font-size:18px;font-style:normal;font-weight:300\">Analyser av f\u00f6rlusternas storlek och orsaker har varit \u00f6verraskande. Resultaten har varit mycket negativa.<\/p>\n\n\n\n<p>Stelheten i produktionen minskar vinsten. Man hinner inte reagera p\u00e5 \u00e4ndringarna i efterfr\u00e5gan och producera kvaliteterna med st\u00f6rsta m\u00f6jliga ekonomiska resultat. Traditionell produktionsplanering orsakar flaskhalsar, problem i processerna samt kr\u00e4ver energi och tid f\u00f6r \u00e5tg\u00e4rder.<\/p>\n\n\n\n<p>Om ett tr\u00e4f\u00f6r\u00e4dlande verk kunde \u00e5tg\u00e4rda dessa problem med ett j\u00e4rngrepp, s\u00e5 kan verket \u00f6ka f\u00f6rtj\u00e4nsten med ett antal miljoner kronor.<\/p>\n\n\n\n<p>Inx-Service erbjuder m\u00e5ttkontroll och automatiseringsl\u00f6sningar f\u00f6r detta \u00e4ndam\u00e5l.<\/p>\n<\/div>\n\n\n\n<div class=\"wp-block-uagb-container uagb-block-64295040\">\n<div style=\"height:20px\" aria-hidden=\"true\" class=\"wp-block-spacer\"><\/div>\n\n\n\n<div class=\"wp-block-uagb-advanced-heading uagb-block-f2b5d6a4\"><h2 class=\"uagb-heading-text\">Aktualitet<\/h2><\/div>\n<\/div>\n<\/div><\/div>\n\n\n\n<div class=\"wp-block-uagb-container uagb-block-3ea5ad26 alignfull uagb-is-root-container\"><div class=\"uagb-container-inner-blocks-wrap\">\n<div class=\"wp-block-uagb-container uagb-block-2e6cb6b8\">\n<div class=\"wp-block-uagb-container uagb-block-c82f17df\">\n<div style=\"height:40px\" aria-hidden=\"true\" class=\"wp-block-spacer\"><\/div>\n\n\n\n<div class=\"wp-block-uagb-advanced-heading uagb-block-5877ccf0\"><h2 class=\"uagb-heading-text\">Fr\u00e5n timmersortering till vidaref\u00f6r\u00e4dling<\/h2><\/div>\n\n\n\n<p>Inx-Service har l\u00f6sningar fr\u00e5n timmersorteringen till hyvleriet och vidaref\u00f6r\u00e4dlingen. Produkternas k\u00e4rna best\u00e5r av intelligenta m\u00e4tare, avancerad optimering samt IT-teknik av senaste snitt. F\u00f6retagets grund \u00e4r personalens branschkunnande med \u00e5rtiondens erfarenhet av tr\u00e4f\u00f6r\u00e4dling, m\u00e4tningsteknologi och optimering av produktionen.<\/p>\n\n\n\n<p>V\u00e5r verksamhet utg\u00e5r fr\u00e5n kundens verkliga behov. Vi uppr\u00e4ttar en skr\u00e4ddarsydd automatiseringsl\u00f6sning f\u00f6r kunden, som effektiviserar s\u00e5gverket och vidaref\u00f6r\u00e4dlingen.<\/p>\n\n\n\n<p>Vi har levererat hundratals av dessa till\u00e4mpningar och varje \u00e5r med dessa produceras flera ett antal tio miljoner kubikmeter kvalitetst\u00e4ckande virke i olika delar av v\u00e4rlden.<br><br><\/p>\n<\/div>\n\n\n\n<div class=\"wp-block-uagb-container uagb-block-e3f8d2c8\"><\/div>\n<\/div>\n<\/div><\/div>\n","protected":false},"excerpt":{"rendered":"<p>Inx-Service \u2013 sk\u00e4rpning i virkesf\u00f6r\u00e4dlingen Rotst\u00e5ende tr\u00e4d har ett visst r\u00e5virkesv\u00e4rde, men efter f\u00e4llning uppst\u00e5r b\u00e5de material- och kvalitetsf\u00f6rluster. Analyser av f\u00f6rlusternas storlek och orsaker har varit \u00f6verraskande. Resultaten har varit mycket negativa. Stelheten i produktionen minskar vinsten. Man hinner inte reagera p\u00e5 \u00e4ndringarna i efterfr\u00e5gan och producera kvaliteterna med st\u00f6rsta m\u00f6jliga ekonomiska resultat. Traditionell [&hellip;]<\/p>\n","protected":false},"author":1,"featured_media":0,"parent":0,"menu_order":0,"comment_status":"closed","ping_status":"closed","template":"","meta":{"_uag_custom_page_level_css":"","site-sidebar-layout":"no-sidebar","site-content-layout":"page-builder","ast-site-content-layout":"default","site-content-style":"default","site-sidebar-style":"default","ast-global-header-display":"","ast-banner-title-visibility":"","ast-main-header-display":"","ast-hfb-above-header-display":"","ast-hfb-below-header-display":"","ast-hfb-mobile-header-display":"","site-post-title":"disabled","ast-breadcrumbs-content":"","ast-featured-img":"disabled","footer-sml-layout":"","ast-disable-related-posts":"","theme-transparent-header-meta":"enabled","adv-header-id-meta":"","stick-header-meta":"","header-above-stick-meta":"","header-main-stick-meta":"","header-below-stick-meta":"","astra-migrate-meta-layouts":"default","ast-page-background-enabled":"default","ast-page-background-meta":{"desktop":{"background-color":"var(--ast-global-color-4)","background-image":"","background-repeat":"repeat","background-position":"center center","background-size":"auto","background-attachment":"scroll","background-type":"","background-media":"","overlay-type":"","overlay-color":"","overlay-opacity":"","overlay-gradient":""},"tablet":{"background-color":"","background-image":"","background-repeat":"repeat","background-position":"center center","background-size":"auto","background-attachment":"scroll","background-type":"","background-media":"","overlay-type":"","overlay-color":"","overlay-opacity":"","overlay-gradient":""},"mobile":{"background-color":"","background-image":"","background-repeat":"repeat","background-position":"center center","background-size":"auto","background-attachment":"scroll","background-type":"","background-media":"","overlay-type":"","overlay-color":"","overlay-opacity":"","overlay-gradient":""}},"ast-content-background-meta":{"desktop":{"background-color":"var(--ast-global-color-5)","background-image":"","background-repeat":"repeat","background-position":"center center","background-size":"auto","background-attachment":"scroll","background-type":"","background-media":"","overlay-type":"","overlay-color":"","overlay-opacity":"","overlay-gradient":""},"tablet":{"background-color":"var(--ast-global-color-5)","background-image":"","background-repeat":"repeat","background-position":"center center","background-size":"auto","background-attachment":"scroll","background-type":"","background-media":"","overlay-type":"","overlay-color":"","overlay-opacity":"","overlay-gradient":""},"mobile":{"background-color":"var(--ast-global-color-5)","background-image":"","background-repeat":"repeat","background-position":"center center","background-size":"auto","background-attachment":"scroll","background-type":"","background-media":"","overlay-type":"","overlay-color":"","overlay-opacity":"","overlay-gradient":""}},"footnotes":""},"class_list":["post-1322","page","type-page","status-publish","hentry"],"uagb_featured_image_src":{"full":false,"thumbnail":false,"medium":false,"medium_large":false,"large":false,"1536x1536":false,"2048x2048":false},"uagb_author_info":{"display_name":"inxuser","author_link":"https:\/\/inx.fi\/inx-se\/blog\/author\/inxuser\/"},"uagb_comment_info":0,"uagb_excerpt":"Inx-Service \u2013 sk\u00e4rpning i virkesf\u00f6r\u00e4dlingen Rotst\u00e5ende tr\u00e4d har ett visst r\u00e5virkesv\u00e4rde, men efter f\u00e4llning uppst\u00e5r b\u00e5de material- och kvalitetsf\u00f6rluster. Analyser av f\u00f6rlusternas storlek och orsaker har varit \u00f6verraskande. Resultaten har varit mycket negativa. Stelheten i produktionen minskar vinsten. Man hinner inte reagera p\u00e5 \u00e4ndringarna i efterfr\u00e5gan och producera kvaliteterna med st\u00f6rsta m\u00f6jliga ekonomiska resultat. Traditionell&hellip;","_links":{"self":[{"href":"https:\/\/inx.fi\/inx-se\/wp-json\/wp\/v2\/pages\/1322","targetHints":{"allow":["GET"]}}],"collection":[{"href":"https:\/\/inx.fi\/inx-se\/wp-json\/wp\/v2\/pages"}],"about":[{"href":"https:\/\/inx.fi\/inx-se\/wp-json\/wp\/v2\/types\/page"}],"author":[{"embeddable":true,"href":"https:\/\/inx.fi\/inx-se\/wp-json\/wp\/v2\/users\/1"}],"replies":[{"embeddable":true,"href":"https:\/\/inx.fi\/inx-se\/wp-json\/wp\/v2\/comments?post=1322"}],"version-history":[{"count":34,"href":"https:\/\/inx.fi\/inx-se\/wp-json\/wp\/v2\/pages\/1322\/revisions"}],"predecessor-version":[{"id":2717,"href":"https:\/\/inx.fi\/inx-se\/wp-json\/wp\/v2\/pages\/1322\/revisions\/2717"}],"wp:attachment":[{"href":"https:\/\/inx.fi\/inx-se\/wp-json\/wp\/v2\/media?parent=1322"}],"curies":[{"name":"wp","href":"https:\/\/api.w.org\/{rel}","templated":true}]}}