{"id":2179,"date":"2023-03-16T08:30:47","date_gmt":"2023-03-16T06:30:47","guid":{"rendered":"https:\/\/192.168.0.156\/inx-se\/?page_id=2179"},"modified":"2023-07-27T09:15:47","modified_gmt":"2023-07-27T06:15:47","slug":"sizcon","status":"publish","type":"page","link":"https:\/\/inx.fi\/inx-se\/sizcon\/","title":{"rendered":"SizCon"},"content":{"rendered":"\n<div style=\"height:100px\" aria-hidden=\"true\" class=\"wp-block-spacer\"><\/div>\n\n\n\n<div class=\"wp-block-uagb-container uagb-block-74a0d177 alignfull uagb-is-root-container\"><div class=\"uagb-container-inner-blocks-wrap\">\n<div class=\"wp-block-uagb-container uagb-block-0dff22a5\">\n<div class=\"wp-block-uagb-container uagb-block-3398ba3f\"><\/div>\n\n\n\n<div class=\"wp-block-uagb-container uagb-block-0b365917\">\n<div class=\"wp-block-uagb-columns uagb-columns__wrap uagb-columns__background-none uagb-columns__stack-none uagb-columns__valign-center uagb-columns__gap-0 align uagb-block-180b563a uagb-columns__columns-4 uagb-columns__max_width-custom\"><div class=\"uagb-columns__overlay\"><\/div><div class=\"uagb-columns__inner-wrap uagb-columns__columns-4\">\n<div class=\"wp-block-uagb-column uagb-column__wrap uagb-column__background-image uagb-block-5b17883c\"><div class=\"uagb-column__overlay\"><\/div>\n<div class=\"wp-block-uagb-buttons uagb-buttons__outer-wrap uagb-btn__medium-btn uagb-btn-tablet__default-btn uagb-btn-mobile__default-btn uagb-block-94f0bcc4\"><div class=\"uagb-buttons__wrap uagb-buttons-layout-wrap\">\n<div class=\"wp-block-uagb-buttons-child uagb-buttons__outer-wrap uagb-block-3605f286 wp-block-button\"><div class=\"uagb-button__wrapper\"><a class=\"uagb-buttons-repeater wp-block-button__link\" href=\"\/sizcon\/\" onclick=\"return true;\" rel=\"follow noopener\" target=\"_self\"><\/a><\/div><\/div>\n<\/div><\/div>\n<\/div>\n\n\n\n<div class=\"wp-block-uagb-column uagb-column__wrap uagb-column__background-image uagb-block-2c4232f0\"><div class=\"uagb-column__overlay\"><\/div>\n<div class=\"wp-block-uagb-buttons uagb-buttons__outer-wrap uagb-btn__medium-btn uagb-btn-tablet__default-btn uagb-btn-mobile__default-btn uagb-block-ebe5eacf\"><div class=\"uagb-buttons__wrap uagb-buttons-layout-wrap\">\n<div class=\"wp-block-uagb-buttons-child uagb-buttons__outer-wrap uagb-block-ccfc2456 wp-block-button\"><div class=\"uagb-button__wrapper\"><a class=\"uagb-buttons-repeater wp-block-button__link\" href=\"\/inx-en\/sizcon\/\" onclick=\"return true;\" rel=\"follow noopener\" target=\"_self\"><\/a><\/div><\/div>\n<\/div><\/div>\n<\/div>\n\n\n\n<div class=\"wp-block-uagb-column uagb-column__wrap uagb-column__background-image uagb-block-83d4f238\"><div class=\"uagb-column__overlay\"><\/div>\n<div class=\"wp-block-uagb-buttons uagb-buttons__outer-wrap uagb-btn__medium-btn uagb-btn-tablet__default-btn uagb-btn-mobile__default-btn uagb-block-f23458e9\"><div class=\"uagb-buttons__wrap uagb-buttons-layout-wrap\">\n<div class=\"wp-block-uagb-buttons-child uagb-buttons__outer-wrap uagb-block-5ab0ecd2 wp-block-button\"><div class=\"uagb-button__wrapper\"><a class=\"uagb-buttons-repeater wp-block-button__link\" href=\"\/inx-se\/sizcon\/\" onclick=\"return true;\" rel=\"follow noopener\" target=\"_self\"><\/a><\/div><\/div>\n<\/div><\/div>\n<\/div>\n\n\n\n<div class=\"wp-block-uagb-column uagb-column__wrap uagb-column__background-image uagb-block-90788e7d\"><div class=\"uagb-column__overlay\"><\/div>\n<div class=\"wp-block-uagb-buttons uagb-buttons__outer-wrap uagb-btn__medium-btn uagb-btn-tablet__default-btn uagb-btn-mobile__default-btn uagb-block-cf221885\"><div class=\"uagb-buttons__wrap uagb-buttons-layout-wrap\">\n<div class=\"wp-block-uagb-buttons-child uagb-buttons__outer-wrap uagb-block-112805d1 wp-block-button\"><div class=\"uagb-button__wrapper\"><a class=\"uagb-buttons-repeater wp-block-button__link\" href=\"\/inx-de\/sizcon\/\" onclick=\"return true;\" rel=\"follow noopener\" target=\"_self\"><\/a><\/div><\/div>\n<\/div><\/div>\n<\/div>\n<\/div><\/div>\n<\/div>\n<\/div>\n\n\n\n<div style=\"height:82px\" aria-hidden=\"true\" class=\"wp-block-spacer\"><\/div>\n\n\n\n<div class=\"wp-block-uagb-advanced-heading uagb-block-bdb3cdb8\"><h2 class=\"uagb-heading-text\">SizCon                    <\/h2><p class=\"uagb-desc-text\">-dimensionsmatare            <\/p><\/div>\n\n\n\n<div style=\"height:101px\" aria-hidden=\"true\" class=\"wp-block-spacer\"><\/div>\n<\/div><\/div>\n\n\n\n<div class=\"wp-block-uagb-container uagb-block-3778615c alignfull uagb-is-root-container\"><div class=\"uagb-container-inner-blocks-wrap\">\n<div class=\"wp-block-uagb-container uagb-block-e344c817\">\n<div class=\"wp-block-uagb-container uagb-block-505640b4\">\n<div class=\"wp-block-uagb-advanced-heading uagb-block-e0a880cc\"><h2 class=\"uagb-heading-text\">SizCon-dimensionsm\u00e4tare<\/h2><\/div>\n\n\n\n<p>SizCon m\u00e4ter virkets tjocklek, bredd, kilformad snedvridenhet samt vankanten. M\u00e4taren l\u00e4mpar sig f\u00f6r slutsorteringen, str\u00f6kontroll och liknande funktioner.<\/p>\n\n\n\n<p>SizCon \u00e4r ett machine vision system best\u00e5ende av fyra m\u00e4tarenheter. I m\u00e4tarenheten finns en linjeskannande CCD-kamera, laser samt specialoptik och dimensionsm\u00e4tningen sker i realtid p\u00e5 sex olika punkter p\u00e5 b\u00e5da virkesytorna. Flerpunktsm\u00e4tningen m\u00f6jligg\u00f6r en stor noggrannhet i alla situationer \u2013 och j\u00e4mf\u00f6rt med traditionella dimensionsm\u00e4tare \u2013 detekteras ocks\u00e5 virkets tjockleksvariationer i l\u00e4ndriktningen samt vankant och andra defekter.<\/p>\n\n\n\n<p>Flerpunktm\u00e4tningens exakthet m\u00f6jligg\u00f6r sortering av virke med dimensionsdifferensen en millimeter. Noggrann m\u00e4tning eliminerar sorteringsfel och h\u00e4rav f\u00f6ljande on\u00f6diga vrakfacksl\u00e4ggningar. Tillf\u00f6rlitligheten s\u00e4kerst\u00e4ller kvalitetskraven och minimering av hyvlerivirkets toleranser.<\/p>\n\n\n\n<p>Dimensionsdatat styr virkets sortering och fackl\u00e4ggning. M\u00e4tdatat presenteras och rapporteras l\u00e4tt\u00f6versk\u00e5dligt.<br><br><\/p>\n<\/div>\n\n\n\n<div class=\"wp-block-uagb-container uagb-block-bcf10c0a\">\n<div style=\"height:30px\" aria-hidden=\"true\" class=\"wp-block-spacer\"><\/div>\n\n\n\n<figure class=\"wp-block-image size-large\"><img decoding=\"async\" src=\"https:\/\/inx.fi\/inx-se\/wp-content\/uploads\/sites\/4\/2023\/07\/sizcon.jpeg\" alt=\"\"\/><\/figure>\n<\/div>\n<\/div>\n<\/div><\/div>\n\n\n\n<div class=\"wp-block-uagb-container uagb-block-1a672b18 alignfull uagb-is-root-container\"><div class=\"uagb-container-inner-blocks-wrap\">\n<div class=\"wp-block-uagb-container uagb-block-415213d7\">\n<div class=\"wp-block-uagb-advanced-heading uagb-block-1d1f73b4\"><h2 class=\"uagb-heading-text\">Sorteringens produktfamilj<\/h2><\/div>\n\n\n\n<div class=\"wp-block-uagb-buttons uagb-buttons__outer-wrap uagb-btn__small-btn uagb-btn-tablet__default-btn uagb-btn-mobile__default-btn uagb-block-41565483\"><div class=\"uagb-buttons__wrap uagb-buttons-layout-wrap\">\n<div class=\"wp-block-uagb-buttons-child uagb-buttons__outer-wrap uagb-block-b2f986ba wp-block-button is-style-outline\"><div class=\"uagb-button__wrapper\"><a class=\"uagb-buttons-repeater wp-block-button__link\" href=\"\/inx-se\/sizcon\/\" onclick=\"return true;\" rel=\"follow noopener\" target=\"_self\"><div class=\"uagb-button__link\">SizCon-dimensionsmatare<\/div><\/a><\/div><\/div>\n\n\n\n<div class=\"wp-block-uagb-buttons-child uagb-buttons__outer-wrap uagb-block-c9e7a868 wp-block-button is-style-outline\"><div class=\"uagb-button__wrapper\"><a class=\"uagb-buttons-repeater wp-block-button__link\" href=\"\/inx-se\/softplc-virkessorteringen\/\/\" onclick=\"return true;\" rel=\"follow noopener\" target=\"_blank\"><div class=\"uagb-button__link\">SoftPLC-styrsystem<\/div><\/a><\/div><\/div>\n<\/div><\/div>\n<\/div>\n<\/div><\/div>\n\n\n\n<div style=\"height:30px\" aria-hidden=\"true\" class=\"wp-block-spacer\"><\/div>\n","protected":false},"excerpt":{"rendered":"<p>SizCon -dimensionsmatare SizCon-dimensionsm\u00e4tare SizCon m\u00e4ter virkets tjocklek, bredd, kilformad snedvridenhet samt vankanten. M\u00e4taren l\u00e4mpar sig f\u00f6r slutsorteringen, str\u00f6kontroll och liknande funktioner. SizCon \u00e4r ett machine vision system best\u00e5ende av fyra m\u00e4tarenheter. I m\u00e4tarenheten finns en linjeskannande CCD-kamera, laser samt specialoptik och dimensionsm\u00e4tningen sker i realtid p\u00e5 sex olika punkter p\u00e5 b\u00e5da virkesytorna. Flerpunktsm\u00e4tningen m\u00f6jligg\u00f6r en [&hellip;]<\/p>\n","protected":false},"author":1,"featured_media":0,"parent":0,"menu_order":0,"comment_status":"closed","ping_status":"closed","template":"","meta":{"_uag_custom_page_level_css":"","site-sidebar-layout":"default","site-content-layout":"","ast-site-content-layout":"default","site-content-style":"default","site-sidebar-style":"default","ast-global-header-display":"","ast-banner-title-visibility":"","ast-main-header-display":"","ast-hfb-above-header-display":"","ast-hfb-below-header-display":"","ast-hfb-mobile-header-display":"","site-post-title":"disabled","ast-breadcrumbs-content":"","ast-featured-img":"","footer-sml-layout":"","ast-disable-related-posts":"","theme-transparent-header-meta":"","adv-header-id-meta":"","stick-header-meta":"","header-above-stick-meta":"","header-main-stick-meta":"","header-below-stick-meta":"","astra-migrate-meta-layouts":"default","ast-page-background-enabled":"default","ast-page-background-meta":{"desktop":{"background-color":"var(--ast-global-color-4)","background-image":"","background-repeat":"repeat","background-position":"center center","background-size":"auto","background-attachment":"scroll","background-type":"","background-media":"","overlay-type":"","overlay-color":"","overlay-opacity":"","overlay-gradient":""},"tablet":{"background-color":"","background-image":"","background-repeat":"repeat","background-position":"center center","background-size":"auto","background-attachment":"scroll","background-type":"","background-media":"","overlay-type":"","overlay-color":"","overlay-opacity":"","overlay-gradient":""},"mobile":{"background-color":"","background-image":"","background-repeat":"repeat","background-position":"center center","background-size":"auto","background-attachment":"scroll","background-type":"","background-media":"","overlay-type":"","overlay-color":"","overlay-opacity":"","overlay-gradient":""}},"ast-content-background-meta":{"desktop":{"background-color":"var(--ast-global-color-5)","background-image":"","background-repeat":"repeat","background-position":"center center","background-size":"auto","background-attachment":"scroll","background-type":"","background-media":"","overlay-type":"","overlay-color":"","overlay-opacity":"","overlay-gradient":""},"tablet":{"background-color":"var(--ast-global-color-5)","background-image":"","background-repeat":"repeat","background-position":"center center","background-size":"auto","background-attachment":"scroll","background-type":"","background-media":"","overlay-type":"","overlay-color":"","overlay-opacity":"","overlay-gradient":""},"mobile":{"background-color":"var(--ast-global-color-5)","background-image":"","background-repeat":"repeat","background-position":"center center","background-size":"auto","background-attachment":"scroll","background-type":"","background-media":"","overlay-type":"","overlay-color":"","overlay-opacity":"","overlay-gradient":""}},"footnotes":""},"class_list":["post-2179","page","type-page","status-publish","hentry"],"uagb_featured_image_src":{"full":false,"thumbnail":false,"medium":false,"medium_large":false,"large":false,"1536x1536":false,"2048x2048":false},"uagb_author_info":{"display_name":"inxuser","author_link":"https:\/\/inx.fi\/inx-se\/blog\/author\/inxuser\/"},"uagb_comment_info":0,"uagb_excerpt":"SizCon -dimensionsmatare SizCon-dimensionsm\u00e4tare SizCon m\u00e4ter virkets tjocklek, bredd, kilformad snedvridenhet samt vankanten. M\u00e4taren l\u00e4mpar sig f\u00f6r slutsorteringen, str\u00f6kontroll och liknande funktioner. SizCon \u00e4r ett machine vision system best\u00e5ende av fyra m\u00e4tarenheter. I m\u00e4tarenheten finns en linjeskannande CCD-kamera, laser samt specialoptik och dimensionsm\u00e4tningen sker i realtid p\u00e5 sex olika punkter p\u00e5 b\u00e5da virkesytorna. Flerpunktsm\u00e4tningen m\u00f6jligg\u00f6r en&hellip;","_links":{"self":[{"href":"https:\/\/inx.fi\/inx-se\/wp-json\/wp\/v2\/pages\/2179","targetHints":{"allow":["GET"]}}],"collection":[{"href":"https:\/\/inx.fi\/inx-se\/wp-json\/wp\/v2\/pages"}],"about":[{"href":"https:\/\/inx.fi\/inx-se\/wp-json\/wp\/v2\/types\/page"}],"author":[{"embeddable":true,"href":"https:\/\/inx.fi\/inx-se\/wp-json\/wp\/v2\/users\/1"}],"replies":[{"embeddable":true,"href":"https:\/\/inx.fi\/inx-se\/wp-json\/wp\/v2\/comments?post=2179"}],"version-history":[{"count":15,"href":"https:\/\/inx.fi\/inx-se\/wp-json\/wp\/v2\/pages\/2179\/revisions"}],"predecessor-version":[{"id":2799,"href":"https:\/\/inx.fi\/inx-se\/wp-json\/wp\/v2\/pages\/2179\/revisions\/2799"}],"wp:attachment":[{"href":"https:\/\/inx.fi\/inx-se\/wp-json\/wp\/v2\/media?parent=2179"}],"curies":[{"name":"wp","href":"https:\/\/api.w.org\/{rel}","templated":true}]}}