{"id":2182,"date":"2023-03-16T08:31:24","date_gmt":"2023-03-16T06:31:24","guid":{"rendered":"https:\/\/192.168.0.156\/inx-se\/?page_id=2182"},"modified":"2023-07-27T09:16:15","modified_gmt":"2023-07-27T06:16:15","slug":"softplc-virkessorteringen","status":"publish","type":"page","link":"https:\/\/inx.fi\/inx-se\/softplc-virkessorteringen\/","title":{"rendered":"SoftPLC virkessorteringen"},"content":{"rendered":"\n<div style=\"height:100px\" aria-hidden=\"true\" class=\"wp-block-spacer\"><\/div>\n\n\n\n<div class=\"wp-block-uagb-container uagb-block-e87000c2 alignfull uagb-is-root-container\"><div class=\"uagb-container-inner-blocks-wrap\">\n<div class=\"wp-block-uagb-container uagb-block-20a8163e\">\n<div class=\"wp-block-uagb-container uagb-block-5793842c\"><\/div>\n\n\n\n<div class=\"wp-block-uagb-container uagb-block-b72774d0\">\n<div class=\"wp-block-uagb-columns uagb-columns__wrap uagb-columns__background-none uagb-columns__stack-none uagb-columns__valign-center uagb-columns__gap-0 align uagb-block-e549fa91 uagb-columns__columns-4 uagb-columns__max_width-custom\"><div class=\"uagb-columns__overlay\"><\/div><div class=\"uagb-columns__inner-wrap uagb-columns__columns-4\">\n<div class=\"wp-block-uagb-column uagb-column__wrap uagb-column__background-image uagb-block-2b112502\"><div class=\"uagb-column__overlay\"><\/div>\n<div class=\"wp-block-uagb-buttons uagb-buttons__outer-wrap uagb-btn__medium-btn uagb-btn-tablet__default-btn uagb-btn-mobile__default-btn uagb-block-a7d0fd53\"><div class=\"uagb-buttons__wrap uagb-buttons-layout-wrap\">\n<div class=\"wp-block-uagb-buttons-child uagb-buttons__outer-wrap uagb-block-71d8ebbe wp-block-button\"><div class=\"uagb-button__wrapper\"><a class=\"uagb-buttons-repeater wp-block-button__link\" href=\"\/softplc-lajittelu\/\" onclick=\"return true;\" rel=\"follow noopener\" target=\"_self\"><\/a><\/div><\/div>\n<\/div><\/div>\n<\/div>\n\n\n\n<div class=\"wp-block-uagb-column uagb-column__wrap uagb-column__background-image uagb-block-609a8adf\"><div class=\"uagb-column__overlay\"><\/div>\n<div class=\"wp-block-uagb-buttons uagb-buttons__outer-wrap uagb-btn__medium-btn uagb-btn-tablet__default-btn uagb-btn-mobile__default-btn uagb-block-7dcb59b6\"><div class=\"uagb-buttons__wrap uagb-buttons-layout-wrap\">\n<div class=\"wp-block-uagb-buttons-child uagb-buttons__outer-wrap uagb-block-d81c2112 wp-block-button\"><div class=\"uagb-button__wrapper\"><a class=\"uagb-buttons-repeater wp-block-button__link\" href=\"\/inx-en\/softplc-sorting\/\" onclick=\"return true;\" rel=\"follow noopener\" target=\"_self\"><\/a><\/div><\/div>\n<\/div><\/div>\n<\/div>\n\n\n\n<div class=\"wp-block-uagb-column uagb-column__wrap uagb-column__background-image uagb-block-bb206c10\"><div class=\"uagb-column__overlay\"><\/div>\n<div class=\"wp-block-uagb-buttons uagb-buttons__outer-wrap uagb-btn__medium-btn uagb-btn-tablet__default-btn uagb-btn-mobile__default-btn uagb-block-c31f1a49\"><div class=\"uagb-buttons__wrap uagb-buttons-layout-wrap\">\n<div class=\"wp-block-uagb-buttons-child uagb-buttons__outer-wrap uagb-block-7f07b9f8 wp-block-button\"><div class=\"uagb-button__wrapper\"><a class=\"uagb-buttons-repeater wp-block-button__link\" href=\"\/inx-se\/softplc-sorting\/\" onclick=\"return true;\" rel=\"follow noopener\" target=\"_self\"><\/a><\/div><\/div>\n<\/div><\/div>\n<\/div>\n\n\n\n<div class=\"wp-block-uagb-column uagb-column__wrap uagb-column__background-image uagb-block-6df97071\"><div class=\"uagb-column__overlay\"><\/div>\n<div class=\"wp-block-uagb-buttons uagb-buttons__outer-wrap uagb-btn__medium-btn uagb-btn-tablet__default-btn uagb-btn-mobile__default-btn uagb-block-453848d9\"><div class=\"uagb-buttons__wrap uagb-buttons-layout-wrap\">\n<div class=\"wp-block-uagb-buttons-child uagb-buttons__outer-wrap uagb-block-6eaf925a wp-block-button\"><div class=\"uagb-button__wrapper\"><a class=\"uagb-buttons-repeater wp-block-button__link\" href=\"\/inx-de\/softplc-sorting\/\" onclick=\"return true;\" rel=\"follow noopener\" target=\"_self\"><\/a><\/div><\/div>\n<\/div><\/div>\n<\/div>\n<\/div><\/div>\n<\/div>\n<\/div>\n\n\n\n<div style=\"height:82px\" aria-hidden=\"true\" class=\"wp-block-spacer\"><\/div>\n\n\n\n<div class=\"wp-block-uagb-advanced-heading uagb-block-6e78b2b2\"><h2 class=\"uagb-heading-text\">SoftPLC                    <\/h2><p class=\"uagb-desc-text\">-styrsystem                   <\/p><\/div>\n\n\n\n<div style=\"height:101px\" aria-hidden=\"true\" class=\"wp-block-spacer\"><\/div>\n<\/div><\/div>\n\n\n\n<div class=\"wp-block-uagb-container uagb-block-13642ffa alignfull uagb-is-root-container\"><div class=\"uagb-container-inner-blocks-wrap\">\n<div class=\"wp-block-uagb-container uagb-block-13fa40ce\">\n<div style=\"height:34px\" aria-hidden=\"true\" class=\"wp-block-spacer\"><\/div>\n\n\n\n<div class=\"wp-block-uagb-advanced-heading uagb-block-5e5e13c8\"><h2 class=\"uagb-heading-text\">SoftPLC \u2014 maskinstyrning och \u2013logik f\u00f6r hela s\u00e5gverket<\/h2><\/div>\n\n\n\n<p>Inx-Service intelligenta m\u00e4tar- och optimeringssystem t\u00e4cker hela s\u00e5gverket fr\u00e5n timmersorteringen till hyvleriet. Alla gr\u00e4nssnitt till systemen och anslutningar till maskinstyrningar utf\u00f6rs med det integrerade SoftPLC-programmet.<\/p>\n\n\n\n<p>Integrationen inneb\u00e4r att logikstyrningar och m\u00e4tarsystem kan kopplas till processerna friktionsfritt, f\u00f6r alla applikationer ligger p\u00e5 samma server. Systemen anv\u00e4nder samma EtherCat-kanal och befintligt IO-system. Detta m\u00f6jligg\u00f6r en fungerande kommunikation mellan logik- och m\u00e4tarsystem.<br><br><\/p>\n<\/div>\n\n\n\n<div class=\"wp-block-uagb-container uagb-block-11f8048c\">\n<figure class=\"wp-block-image size-large\"><img decoding=\"async\" src=\"https:\/\/inx.fi\/inx-se\/wp-content\/uploads\/sites\/4\/2023\/07\/PLCohjaus.jpeg\" alt=\"\"\/><\/figure>\n<\/div>\n<\/div><\/div>\n\n\n\n<div class=\"wp-block-uagb-container uagb-block-65ee2730 alignfull uagb-is-root-container\"><div class=\"uagb-container-inner-blocks-wrap\">\n<div class=\"wp-block-uagb-advanced-heading uagb-block-b29de245\"><h2 class=\"uagb-heading-text\">Ett naturligt anv\u00e4ndargr\u00e4nssnitt<\/h2><\/div>\n\n\n\n<p>Logikstyrningens anv\u00e4ndargr\u00e4nssnitt baseras p\u00e5 skr\u00e4ddarsydda objektvisa peksk\u00e4rmar och detta inneb\u00e4r en l\u00e4tt\u00f6versk\u00e5dlig och naturlig uppf\u00f6ljning och styrning av s\u00e5gprocesserna. Anv\u00e4ndargr\u00e4nssnittens funktioner definieras med Inx-Services egna komponenter, som \u00e4r integrerad i Qt-applikationsgenerator. Applikationernas anpassningar under hela livstidscykeln underl\u00e4ttas genom att logiken \u00e4r en fast del av m\u00e4tarsystemen.<br><br><\/p>\n<\/div><\/div>\n\n\n\n<div class=\"wp-block-uagb-container uagb-block-bbd69d98 alignfull uagb-is-root-container\"><div class=\"uagb-container-inner-blocks-wrap\">\n<div class=\"wp-block-uagb-advanced-heading uagb-block-492117ee\"><h2 class=\"uagb-heading-text\">Flexibel applikationsutveckling<\/h2><\/div>\n\n\n\n<p>Logikfunktioner bekrivs med ett grafiskt applikationsverktyg. Verktyget utformar C-kod fr\u00e5n logikapplikationen och denna kod kompileras och l\u00e4nkas till ett softwarepaket. Applikationer kan utvecklas med alla logikprogram som uppfyller IEC 61131-3 standard.<\/p>\n\n\n\n<p>Applikationsverktyget installeras p\u00e5 kundens server och m\u00f6jligg\u00f6r att slutanv\u00e4ndaren kan sj\u00e4lv unders\u00f6ka styrsystemets funktionalitet, lokalisera eventuella givar- och kablagefel samt g\u00f6ra f\u00f6r\u00e4ndringar till logikapplikationen.<br><br><\/p>\n<\/div><\/div>\n\n\n\n<div class=\"wp-block-uagb-container uagb-block-4631c66f alignfull uagb-is-root-container\"><div class=\"uagb-container-inner-blocks-wrap\">\n<div class=\"wp-block-uagb-container uagb-block-ecb4776c\">\n<div class=\"wp-block-uagb-container uagb-block-004c047f\">\n<div class=\"wp-block-uagb-advanced-heading uagb-block-046b7db0\"><h2 class=\"uagb-heading-text\">Sorteringens produktfamilj<\/h2><\/div>\n\n\n\n<div class=\"wp-block-uagb-buttons uagb-buttons__outer-wrap uagb-btn__small-btn uagb-btn-tablet__default-btn uagb-btn-mobile__default-btn uagb-block-401db7f9\"><div class=\"uagb-buttons__wrap uagb-buttons-layout-wrap\">\n<div class=\"wp-block-uagb-buttons-child uagb-buttons__outer-wrap uagb-block-13d9a4cc wp-block-button is-style-outline\"><div class=\"uagb-button__wrapper\"><a class=\"uagb-buttons-repeater wp-block-button__link\" href=\"\/inx-se\/sizcon\/\" onclick=\"return true;\" rel=\"follow noopener\" target=\"_self\"><div class=\"uagb-button__link\">SizCon-dimensionsmatare<\/div><\/a><\/div><\/div>\n\n\n\n<div class=\"wp-block-uagb-buttons-child uagb-buttons__outer-wrap uagb-block-b3c33b87 wp-block-button is-style-outline\"><div class=\"uagb-button__wrapper\"><a class=\"uagb-buttons-repeater wp-block-button__link\" href=\"\/inx-se\/softplc-virkessorteringen\/\" onclick=\"return true;\" rel=\"follow noopener\" target=\"_blank\"><div class=\"uagb-button__link\">SoftPLC-styrsystem<\/div><\/a><\/div><\/div>\n<\/div><\/div>\n<\/div>\n<\/div>\n<\/div><\/div>\n\n\n\n<div style=\"height:30px\" aria-hidden=\"true\" class=\"wp-block-spacer\"><\/div>\n","protected":false},"excerpt":{"rendered":"<p>SoftPLC -styrsystem SoftPLC \u2014 maskinstyrning och \u2013logik f\u00f6r hela s\u00e5gverket Inx-Service intelligenta m\u00e4tar- och optimeringssystem t\u00e4cker hela s\u00e5gverket fr\u00e5n timmersorteringen till hyvleriet. Alla gr\u00e4nssnitt till systemen och anslutningar till maskinstyrningar utf\u00f6rs med det integrerade SoftPLC-programmet. Integrationen inneb\u00e4r att logikstyrningar och m\u00e4tarsystem kan kopplas till processerna friktionsfritt, f\u00f6r alla applikationer ligger p\u00e5 samma server. Systemen anv\u00e4nder [&hellip;]<\/p>\n","protected":false},"author":1,"featured_media":0,"parent":0,"menu_order":0,"comment_status":"closed","ping_status":"closed","template":"","meta":{"_uag_custom_page_level_css":"","site-sidebar-layout":"default","site-content-layout":"","ast-site-content-layout":"default","site-content-style":"default","site-sidebar-style":"default","ast-global-header-display":"","ast-banner-title-visibility":"","ast-main-header-display":"","ast-hfb-above-header-display":"","ast-hfb-below-header-display":"","ast-hfb-mobile-header-display":"","site-post-title":"disabled","ast-breadcrumbs-content":"","ast-featured-img":"","footer-sml-layout":"","ast-disable-related-posts":"","theme-transparent-header-meta":"","adv-header-id-meta":"","stick-header-meta":"","header-above-stick-meta":"","header-main-stick-meta":"","header-below-stick-meta":"","astra-migrate-meta-layouts":"default","ast-page-background-enabled":"default","ast-page-background-meta":{"desktop":{"background-color":"var(--ast-global-color-4)","background-image":"","background-repeat":"repeat","background-position":"center center","background-size":"auto","background-attachment":"scroll","background-type":"","background-media":"","overlay-type":"","overlay-color":"","overlay-opacity":"","overlay-gradient":""},"tablet":{"background-color":"","background-image":"","background-repeat":"repeat","background-position":"center center","background-size":"auto","background-attachment":"scroll","background-type":"","background-media":"","overlay-type":"","overlay-color":"","overlay-opacity":"","overlay-gradient":""},"mobile":{"background-color":"","background-image":"","background-repeat":"repeat","background-position":"center center","background-size":"auto","background-attachment":"scroll","background-type":"","background-media":"","overlay-type":"","overlay-color":"","overlay-opacity":"","overlay-gradient":""}},"ast-content-background-meta":{"desktop":{"background-color":"var(--ast-global-color-5)","background-image":"","background-repeat":"repeat","background-position":"center center","background-size":"auto","background-attachment":"scroll","background-type":"","background-media":"","overlay-type":"","overlay-color":"","overlay-opacity":"","overlay-gradient":""},"tablet":{"background-color":"var(--ast-global-color-5)","background-image":"","background-repeat":"repeat","background-position":"center center","background-size":"auto","background-attachment":"scroll","background-type":"","background-media":"","overlay-type":"","overlay-color":"","overlay-opacity":"","overlay-gradient":""},"mobile":{"background-color":"var(--ast-global-color-5)","background-image":"","background-repeat":"repeat","background-position":"center center","background-size":"auto","background-attachment":"scroll","background-type":"","background-media":"","overlay-type":"","overlay-color":"","overlay-opacity":"","overlay-gradient":""}},"footnotes":""},"class_list":["post-2182","page","type-page","status-publish","hentry"],"uagb_featured_image_src":{"full":false,"thumbnail":false,"medium":false,"medium_large":false,"large":false,"1536x1536":false,"2048x2048":false},"uagb_author_info":{"display_name":"inxuser","author_link":"https:\/\/inx.fi\/inx-se\/blog\/author\/inxuser\/"},"uagb_comment_info":0,"uagb_excerpt":"SoftPLC -styrsystem SoftPLC \u2014 maskinstyrning och \u2013logik f\u00f6r hela s\u00e5gverket Inx-Service intelligenta m\u00e4tar- och optimeringssystem t\u00e4cker hela s\u00e5gverket fr\u00e5n timmersorteringen till hyvleriet. Alla gr\u00e4nssnitt till systemen och anslutningar till maskinstyrningar utf\u00f6rs med det integrerade SoftPLC-programmet. Integrationen inneb\u00e4r att logikstyrningar och m\u00e4tarsystem kan kopplas till processerna friktionsfritt, f\u00f6r alla applikationer ligger p\u00e5 samma server. Systemen anv\u00e4nder&hellip;","_links":{"self":[{"href":"https:\/\/inx.fi\/inx-se\/wp-json\/wp\/v2\/pages\/2182","targetHints":{"allow":["GET"]}}],"collection":[{"href":"https:\/\/inx.fi\/inx-se\/wp-json\/wp\/v2\/pages"}],"about":[{"href":"https:\/\/inx.fi\/inx-se\/wp-json\/wp\/v2\/types\/page"}],"author":[{"embeddable":true,"href":"https:\/\/inx.fi\/inx-se\/wp-json\/wp\/v2\/users\/1"}],"replies":[{"embeddable":true,"href":"https:\/\/inx.fi\/inx-se\/wp-json\/wp\/v2\/comments?post=2182"}],"version-history":[{"count":15,"href":"https:\/\/inx.fi\/inx-se\/wp-json\/wp\/v2\/pages\/2182\/revisions"}],"predecessor-version":[{"id":2800,"href":"https:\/\/inx.fi\/inx-se\/wp-json\/wp\/v2\/pages\/2182\/revisions\/2800"}],"wp:attachment":[{"href":"https:\/\/inx.fi\/inx-se\/wp-json\/wp\/v2\/media?parent=2182"}],"curies":[{"name":"wp","href":"https:\/\/api.w.org\/{rel}","templated":true}]}}